{"id":9665,"date":"2020-04-17T17:49:56","date_gmt":"2020-04-17T15:49:56","guid":{"rendered":"http:\/\/www.upgp2.it\/wordpress\/?page_id=9665"},"modified":"2020-04-17T17:53:11","modified_gmt":"2020-04-17T15:53:11","slug":"volontari-caritas","status":"publish","type":"page","link":"https:\/\/www.upgp2.it\/wordpress\/volontari-caritas\/","title":{"rendered":"Volontari Caritas"},"content":{"rendered":"[vc_row full_height=&#8221;yes&#8221; parallax=&#8221;content-moving&#8221; css=&#8221;.vc_custom_1587138726450{padding-top: 100px !important;padding-bottom: 100px !important;background: #5e5e5e url(http:\/\/www.upgp2.it\/wordpress\/wp-content\/uploads\/2020\/04\/people-shaking-hands-in-latex-gloves-3959482-1-e1587134477538.jpg?id=9662);background-position: center;background-repeat: no-repeat !important;background-size: cover !important;}&#8221;][vc_column][vc_custom_heading text=&#8221;Collabora con noi!&#8221; font_container=&#8221;tag:h1|font_size:60|text_align:center|color:%23ffffff&#8221; use_theme_fonts=&#8221;yes&#8221;][\/vc_column][\/vc_row][vc_section][vc_row][vc_column width=&#8221;1\/6&#8243;][\/vc_column][vc_column width=&#8221;2\/3&#8243;][vc_text_separator title=&#8221;Istruzioni operative&#8221; color=&#8221;orange&#8221; style=&#8221;dashed&#8221; css=&#8221;.vc_custom_1587138350312{padding-top: 30px !important;}&#8221;][vc_column_text]Carissimi e carissime,<\/p>\n<p>come Unit\u00e0 Pastorale, in collaborazione con la Caritas di U.P. e Diocesana, ci stiamo impegnando attivamente per far fronte alle nuove esigenze che ci sono poste dallo stato di emergenza, in particolare cercando di aiutare le famiglie che sono in difficolt\u00e0, ora pi\u00f9 numerose e bisognose di prima.<\/p>\n<p>Al momento ricerchiamo volontari per aiutarci a svolgere una serie di attivit\u00e0 a servizio della comunit\u00e0. Alcune attivit\u00e0 di supporto presuppongono spostamenti, mentre altre possono essere svolte in totale sicurezza da casa. Ovviamente, nel primo caso, sarete dotati a tutti gli effetti dai necessari documenti per poter supportare le vostre autocertificazioni.<\/p>\n<p>Esempi di attivit\u00e0 includono (ma non sono limitati a):<\/p>\n<ul>\n<li>Preparare i pacchi per la distribuzione di alimenti e procedere alla distribuzione porta a porta alle famiglie;<\/li>\n<li>Ricercare partner locali che possano collaborare per far fronte al bisogno sempre crescente di alimenti;<\/li>\n<li>Coordinare e promuovere raccolte di aiuti alimentari da parte delle singole famiglie;<\/li>\n<li>Darsi disponibili per la logistica di approvvigionamento presso Banco Alimentare e altri soggetti.<\/li>\n<li>Promuovere attivit\u00e0 di volontariato della zona U.P. per poter gestire le varie necessit\u00e0 emergenti;<\/li>\n<li>Aiutare il responsabile del sito web dell&#8217;U.P. per aggiornarne il contenuto, includendo anche informazioni sui servizi offerti e aiuti alimentari disponibili;<\/li>\n<li>Attivare forme di sostegno anche telefonico su vari temi;<\/li>\n<li>Attivit\u00e0 di integrazione e coordinamento con altri enti di assistenza sul territorio.<\/li>\n<\/ul>\n<p>Come vedete, la variet\u00e0 dei possibili contributi \u00e8 ampia e include azioni che possono essere svolte da ognuno di noi, nel rispetto della vostra salute e disponibilit\u00e0 di tempo ed energie. C&#8217;\u00e8 molto spazio per proporre le proprie iniziative e aiutare nella modalit\u00e0 che pi\u00f9 vi si addice.<\/p>\n<p>Questi e altri contenuti li potrete trovare nel sito dell&#8217;U.P. a partire da oggi. Se volete contribuire (anche solo per qualche ora a settimana), compilate questo <a href=\"https:\/\/it.surveymonkey.com\/r\/C88XRR2\">formulario online<\/a>. Raccoglieremo le vostre informazioni e vi contatteremo al pi\u00f9 presto in caso di necessit\u00e0. Se preferite, potete contattare direttamente i responsabili con i seguenti recapiti: www.upgp2.it compilando il questionario online, oppure scrivendo a segreteria@upgp2.it o chiamando Massimo Repetti (telefono centro d&#8217;ascolto): 3395302551.<\/p>\n<p>Insieme possiamo farcela![\/vc_column_text][vc_btn title=&#8221;Vai al formulario&#8221; color=&#8221;warning&#8221; size=&#8221;lg&#8221; align=&#8221;center&#8221; link=&#8221;url:https%3A%2F%2Fit.surveymonkey.com%2Fr%2FC88XRR2||target:%20_blank|&#8221;][\/vc_column][vc_column width=&#8221;1\/6&#8243;][\/vc_column][\/vc_row][\/vc_section][vc_section][vc_row][vc_column][vc_text_separator title=&#8221;Alcuni documenti utili&#8221; color=&#8221;orange&#8221;][\/vc_column][\/vc_row][vc_row gap=&#8221;20&#8243; equal_height=&#8221;yes&#8221;][vc_column width=&#8221;1\/3&#8243; css=&#8221;.vc_custom_1587138381996{background-color: #d89531 !important;border-radius: 10px !important;}&#8221;][vc_custom_heading text=&#8221;Modulo di iscrizione&#8221; font_container=&#8221;tag:h4|text_align:center|color:%23ffffff&#8221; use_theme_fonts=&#8221;yes&#8221; css=&#8221;.vc_custom_1587137269429{padding-right: 35px !important;padding-left: 35px !important;}&#8221;][vc_btn title=&#8221;Scarica&#8221; style=&#8221;outline&#8221; shape=&#8221;round&#8221; color=&#8221;white&#8221; align=&#8221;center&#8221; css=&#8221;.vc_custom_1587137446926{padding-bottom: 35px !important;}&#8221; link=&#8221;url:http%3A%2F%2Fwww.upgp2.it%2Fwordpress%2Fwp-content%2Fuploads%2F2020%2F04%2FModulo-per-volontari-emergenza-Coronavirus.pdf||target:%20_blank|&#8221;][\/vc_column][vc_column width=&#8221;1\/3&#8243; css=&#8221;.vc_custom_1587138397646{background-color: #d89531 !important;border-radius: 10px !important;}&#8221;][vc_custom_heading text=&#8221;Norme comportamentali&#8221; font_container=&#8221;tag:h4|text_align:center|color:%23ffffff&#8221; use_theme_fonts=&#8221;yes&#8221; css=&#8221;.vc_custom_1587137541475{padding-right: 35px !important;padding-left: 35px !important;}&#8221;][vc_btn title=&#8221;Scarica&#8221; style=&#8221;outline&#8221; shape=&#8221;round&#8221; color=&#8221;white&#8221; align=&#8221;center&#8221; css=&#8221;.vc_custom_1587137590661{padding-bottom: 35px !important;}&#8221; link=&#8221;url:http%3A%2F%2Fwww.upgp2.it%2Fwordpress%2Fwp-content%2Fuploads%2F2020%2F04%2Findicazioni-per-volontari-30_03_2020-vers-Web.pdf|||&#8221;][\/vc_column][vc_column width=&#8221;1\/3&#8243; css=&#8221;.vc_custom_1587138416270{background-color: #d89531 !important;border-radius: 10px !important;}&#8221;][vc_custom_heading text=&#8221;Autodichiarazione&#8221; font_container=&#8221;tag:h4|text_align:center|color:%23ffffff&#8221; use_theme_fonts=&#8221;yes&#8221; css=&#8221;.vc_custom_1587137638024{padding-right: 35px !important;padding-left: 35px !important;}&#8221;][vc_btn title=&#8221;Scarica&#8221; style=&#8221;outline&#8221; shape=&#8221;round&#8221; color=&#8221;white&#8221; align=&#8221;center&#8221; css=&#8221;.vc_custom_1587137678523{padding-bottom: 35px !important;}&#8221; link=&#8221;url:http%3A%2F%2Fwww.upgp2.it%2Fwordpress%2Fwp-content%2Fuploads%2F2020%2F04%2FModelloautodichiarazione26.03.2020editabile.pdf|||&#8221;][\/vc_column][\/vc_row][vc_row gap=&#8221;20&#8243; equal_height=&#8221;yes&#8221;][vc_column width=&#8221;1\/3&#8243; css=&#8221;.vc_custom_1587138457596{background-color: #d89531 !important;border-radius: 10px !important;}&#8221;][vc_custom_heading text=&#8221;Decalogo DPI&#8221; font_container=&#8221;tag:h4|text_align:center|color:%23ffffff&#8221; use_theme_fonts=&#8221;yes&#8221; css=&#8221;.vc_custom_1587137734799{padding-right: 35px !important;padding-left: 35px !important;}&#8221;][vc_btn title=&#8221;Scarica&#8221; style=&#8221;outline&#8221; shape=&#8221;round&#8221; color=&#8221;white&#8221; align=&#8221;center&#8221; css=&#8221;.vc_custom_1587137780461{padding-bottom: 35px !important;}&#8221; link=&#8221;url:http%3A%2F%2Fwww.upgp2.it%2Fwordpress%2Fwp-content%2Fuploads%2F2020%2F04%2Fdecalogo.pdf||target:%20_blank|&#8221;][\/vc_column][vc_column width=&#8221;1\/3&#8243; css=&#8221;.vc_custom_1587138445887{background-color: #d89531 !important;border-radius: 10px !important;}&#8221;][vc_custom_heading text=&#8221;Nota Caritas Diocesana&#8221; font_container=&#8221;tag:h4|text_align:center|color:%23ffffff&#8221; use_theme_fonts=&#8221;yes&#8221; css=&#8221;.vc_custom_1587137833801{padding-right: 35px !important;padding-left: 35px !important;}&#8221;][vc_btn title=&#8221;Scarica&#8221; style=&#8221;outline&#8221; shape=&#8221;round&#8221; color=&#8221;white&#8221; align=&#8221;center&#8221; css=&#8221;.vc_custom_1587137986226{padding-bottom: 35px !important;}&#8221; link=&#8221;url:http%3A%2F%2Fwww.upgp2.it%2Fwordpress%2Fwp-content%2Fuploads%2F2020%2F04%2FNota-organizzativa-per-Caritas-parrocchiali-27-03-2020-1.pdf|||&#8221;][\/vc_column][vc_column width=&#8221;1\/3&#8243; css=&#8221;.vc_custom_1587138432977{background-color: #d89531 !important;border-radius: 10px !important;}&#8221;][vc_custom_heading text=&#8221;Circolare regionale&#8221; font_container=&#8221;tag:h4|text_align:center|color:%23ffffff&#8221; use_theme_fonts=&#8221;yes&#8221; css=&#8221;.vc_custom_1587138010905{padding-right: 35px !important;padding-left: 35px !important;}&#8221;][vc_btn title=&#8221;Scarica&#8221; style=&#8221;outline&#8221; shape=&#8221;round&#8221; color=&#8221;white&#8221; align=&#8221;center&#8221; css=&#8221;.vc_custom_1587138030840{padding-bottom: 35px !important;}&#8221; link=&#8221;url:http%3A%2F%2Fwww.upgp2.it%2Fwordpress%2Fwp-content%2Fuploads%2F2020%2F04%2FPG-249529-del-25-03-2020-LINEE-GUIDA-ATTIVITA-VOLONTARIATO-EMERGENZA-COVID-19-1.pdf|||&#8221;][\/vc_column][\/vc_row][vc_row gap=&#8221;20&#8243; equal_height=&#8221;yes&#8221;][vc_column width=&#8221;1\/3&#8243; css=&#8221;.vc_custom_1587138468666{background-color: #d89531 !important;border-radius: 10px !important;}&#8221;][vc_custom_heading text=&#8221;Uso mascherine&#8221; font_container=&#8221;tag:h4|text_align:center|color:%23ffffff&#8221; use_theme_fonts=&#8221;yes&#8221; css=&#8221;.vc_custom_1587138069957{padding-right: 35px !important;padding-left: 35px !important;}&#8221;][vc_btn title=&#8221;Scarica&#8221; style=&#8221;outline&#8221; shape=&#8221;round&#8221; color=&#8221;white&#8221; align=&#8221;center&#8221; css=&#8221;.vc_custom_1587138151398{padding-bottom: 35px !important;}&#8221; link=&#8221;url:http%3A%2F%2Fwww.upgp2.it%2Fwordpress%2Fwp-content%2Fuploads%2F2020%2F04%2FMascherine-chirurgiche.pdf||target:%20_blank|&#8221;][\/vc_column][vc_column width=&#8221;1\/3&#8243; css=&#8221;.vc_custom_1587138480616{background-color: #d89531 !important;border-radius: 10px !important;}&#8221;][vc_custom_heading text=&#8221;Uso guanti&#8221; font_container=&#8221;tag:h4|text_align:center|color:%23ffffff&#8221; use_theme_fonts=&#8221;yes&#8221; css=&#8221;.vc_custom_1587138081045{padding-right: 35px !important;padding-left: 35px !important;}&#8221;][vc_btn title=&#8221;Scarica&#8221; style=&#8221;outline&#8221; shape=&#8221;round&#8221; color=&#8221;white&#8221; align=&#8221;center&#8221; css=&#8221;.vc_custom_1587138130251{padding-bottom: 35px !important;}&#8221; link=&#8221;url:http%3A%2F%2Fwww.upgp2.it%2Fwordpress%2Fwp-content%2Fuploads%2F2020%2F04%2FGuanti-monouso.pdf|||&#8221;][\/vc_column][vc_column width=&#8221;1\/3&#8243; css=&#8221;.vc_custom_1587138490561{background-color: #d89531 !important;border-radius: 10px !important;}&#8221;][vc_custom_heading text=&#8221;Lavaggio mani&#8221; font_container=&#8221;tag:h4|text_align:center|color:%23ffffff&#8221; use_theme_fonts=&#8221;yes&#8221; css=&#8221;.vc_custom_1587138101852{padding-right: 35px !important;padding-left: 35px !important;}&#8221;][vc_btn title=&#8221;Scarica&#8221; style=&#8221;outline&#8221; shape=&#8221;round&#8221; color=&#8221;white&#8221; align=&#8221;center&#8221; css=&#8221;.vc_custom_1587138113701{padding-bottom: 35px !important;}&#8221; link=&#8221;url:http%3A%2F%2Fwww.upgp2.it%2Fwordpress%2Fwp-content%2Fuploads%2F2020%2F04%2FC_17_opuscoliPoster_340_allegato.pdf|||&#8221;][\/vc_column][\/vc_row][\/vc_section]\n","protected":false},"excerpt":{"rendered":"<p>[vc_row full_height=&#8221;yes&#8221; parallax=&#8221;content-moving&#8221; css=&#8221;.vc_custom_1587138726450{padding-top: 100px !important;padding-bottom: 100px !important;background: #5e5e5e url(http:\/\/www.upgp2.it\/wordpress\/wp-content\/uploads\/2020\/04\/people-shaking-hands-in-latex-gloves-3959482-1-e1587134477538.jpg?id=9662);background-position: center;background-repeat: no-repeat !important;background-size: cover !important;}&#8221;][vc_column][vc_custom_heading text=&#8221;Collabora con noi!&#8221; font_container=&#8221;tag:h1|font_size:60|text_align:center|color:%23ffffff&#8221; use_theme_fonts=&#8221;yes&#8221;][\/vc_column][\/vc_row][vc_section][vc_row][vc_column width=&#8221;1\/6&#8243;][\/vc_column][vc_column width=&#8221;2\/3&#8243;][vc_text_separator title=&#8221;Istruzioni operative&#8221; color=&#8221;orange&#8221; style=&#8221;dashed&#8221; css=&#8221;.vc_custom_1587138350312{padding-top: 30px !important;}&#8221;][vc_column_text]Carissimi e carissime, come Unit\u00e0 Pastorale, in collaborazione con la Caritas di U.P. e Diocesana, ci stiamo impegnando attivamente per far fronte alle nuove esigenze che ci [&hellip;]<\/p>\n","protected":false},"author":1,"featured_media":0,"parent":0,"menu_order":0,"comment_status":"closed","ping_status":"closed","template":"frontpage.php","meta":[],"_links":{"self":[{"href":"https:\/\/www.upgp2.it\/wordpress\/wp-json\/wp\/v2\/pages\/9665"}],"collection":[{"href":"https:\/\/www.upgp2.it\/wordpress\/wp-json\/wp\/v2\/pages"}],"about":[{"href":"https:\/\/www.upgp2.it\/wordpress\/wp-json\/wp\/v2\/types\/page"}],"author":[{"embeddable":true,"href":"https:\/\/www.upgp2.it\/wordpress\/wp-json\/wp\/v2\/users\/1"}],"replies":[{"embeddable":true,"href":"https:\/\/www.upgp2.it\/wordpress\/wp-json\/wp\/v2\/comments?post=9665"}],"version-history":[{"count":4,"href":"https:\/\/www.upgp2.it\/wordpress\/wp-json\/wp\/v2\/pages\/9665\/revisions"}],"predecessor-version":[{"id":9681,"href":"https:\/\/www.upgp2.it\/wordpress\/wp-json\/wp\/v2\/pages\/9665\/revisions\/9681"}],"wp:attachment":[{"href":"https:\/\/www.upgp2.it\/wordpress\/wp-json\/wp\/v2\/media?parent=9665"}],"curies":[{"name":"wp","href":"https:\/\/api.w.org\/{rel}","templated":true}]}}

[vc_row full_height=&#8221;yes&#8221; parallax=&#8221;content-moving&#8221; css=&#8221;.vc_custom_1587138726450{padding-top: 100px !important;padding-bottom: 100px !important;background: #5e5e5e url(http://www.upgp2.it/wordpress/wp-content/uploads/2020/04/people-shaking-hands-in-latex-gloves-3959482-1-e1587134477538.jpg?id=9662);background-position: center;background-repeat: no-repeat !important;background-size: cover !important;}&#8221;][vc_column][vc_custom_heading text=&#8221;Collabora con noi!&#8221; font_container=&#8221;tag:h1|font_size:60|text_align:center|color:%23ffffff&#8221; use_theme_fonts=&#8221;yes&#8221;][/vc_column][/vc_row][vc_section][vc_row][vc_column width=&#8221;1/6&#8243;][/vc_column][vc_column width=&#8221;2/3&#8243;][vc_text_separator title=&#8221;Istruzioni operative&#8221; color=&#8221;orange&#8221; style=&#8221;dashed&#8221; css=&#8221;.vc_custom_1587138350312{padding-top: 30px !important;}&#8221;][vc_column_text]Carissimi e carissime,</p>
<p>come Unità Pastorale, in collaborazione con la Caritas di U.P. e Diocesana, ci stiamo impegnando attivamente per far fronte alle nuove esigenze che ci sono poste dallo stato di emergenza, in particolare cercando di aiutare le famiglie che sono in difficoltà, ora più numerose e bisognose di prima.</p>
<p>Al momento ricerchiamo volontari per aiutarci a svolgere una serie di attività a servizio della comunità. Alcune attività di supporto presuppongono spostamenti, mentre altre possono essere svolte in totale sicurezza da casa. Ovviamente, nel primo caso, sarete dotati a tutti gli effetti dai necessari documenti per poter supportare le vostre autocertificazioni.</p>
<p>Esempi di attività includono (ma non sono limitati a):</p>
<ul>
<li>Preparare i pacchi per la distribuzione di alimenti e procedere alla distribuzione porta a porta alle famiglie;</li>
<li>Ricercare partner locali che possano collaborare per far fronte al bisogno sempre crescente di alimenti;</li>
<li>Coordinare e promuovere raccolte di aiuti alimentari da parte delle singole famiglie;</li>
<li>Darsi disponibili per la logistica di approvvigionamento presso Banco Alimentare e altri soggetti.</li>
<li>Promuovere attività di volontariato della zona U.P. per poter gestire le varie necessità emergenti;</li>
<li>Aiutare il responsabile del sito web dell&#8217;U.P. per aggiornarne il contenuto, includendo anche informazioni sui servizi offerti e aiuti alimentari disponibili;</li>
<li>Attivare forme di sostegno anche telefonico su vari temi;</li>
<li>Attività di integrazione e coordinamento con altri enti di assistenza sul territorio.</li>
</ul>
<p>Come vedete, la varietà dei possibili contributi è ampia e include azioni che possono essere svolte da ognuno di noi, nel rispetto della vostra salute e disponibilità di tempo ed energie. C&#8217;è molto spazio per proporre le proprie iniziative e aiutare nella modalità che più vi si addice.</p>
<p>Questi e altri contenuti li potrete trovare nel sito dell&#8217;U.P. a partire da oggi. Se volete contribuire (anche solo per qualche ora a settimana), compilate questo <a href="https://it.surveymonkey.com/r/C88XRR2">formulario online</a>. Raccoglieremo le vostre informazioni e vi contatteremo al più presto in caso di necessità. Se preferite, potete contattare direttamente i responsabili con i seguenti recapiti: www.upgp2.it compilando il questionario online, oppure scrivendo a segreteria@upgp2.it o chiamando Massimo Repetti (telefono centro d&#8217;ascolto): 3395302551.</p>
<p>Insieme possiamo farcela![/vc_column_text][vc_btn title=&#8221;Vai al formulario&#8221; color=&#8221;warning&#8221; size=&#8221;lg&#8221; align=&#8221;center&#8221; link=&#8221;url:https%3A%2F%2Fit.surveymonkey.com%2Fr%2FC88XRR2||target:%20_blank|&#8221;][/vc_column][vc_column width=&#8221;1/6&#8243;][/vc_column][/vc_row][/vc_section][vc_section][vc_row][vc_column][vc_text_separator title=&#8221;Alcuni documenti utili&#8221; color=&#8221;orange&#8221;][/vc_column][/vc_row][vc_row gap=&#8221;20&#8243; equal_height=&#8221;yes&#8221;][vc_column width=&#8221;1/3&#8243; css=&#8221;.vc_custom_1587138381996{background-color: #d89531 !important;border-radius: 10px !important;}&#8221;][vc_custom_heading text=&#8221;Modulo di iscrizione&#8221; font_container=&#8221;tag:h4|text_align:center|color:%23ffffff&#8221; use_theme_fonts=&#8221;yes&#8221; css=&#8221;.vc_custom_1587137269429{padding-right: 35px !important;padding-left: 35px !important;}&#8221;][vc_btn title=&#8221;Scarica&#8221; style=&#8221;outline&#8221; shape=&#8221;round&#8221; color=&#8221;white&#8221; align=&#8221;center&#8221; css=&#8221;.vc_custom_1587137446926{padding-bottom: 35px !important;}&#8221; link=&#8221;url:http%3A%2F%2Fwww.upgp2.it%2Fwordpress%2Fwp-content%2Fuploads%2F2020%2F04%2FModulo-per-volontari-emergenza-Coronavirus.pdf||target:%20_blank|&#8221;][/vc_column][vc_column width=&#8221;1/3&#8243; css=&#8221;.vc_custom_1587138397646{background-color: #d89531 !important;border-radius: 10px !important;}&#8221;][vc_custom_heading text=&#8221;Norme comportamentali&#8221; font_container=&#8221;tag:h4|text_align:center|color:%23ffffff&#8221; use_theme_fonts=&#8221;yes&#8221; css=&#8221;.vc_custom_1587137541475{padding-right: 35px !important;padding-left: 35px !important;}&#8221;][vc_btn title=&#8221;Scarica&#8221; style=&#8221;outline&#8221; shape=&#8221;round&#8221; color=&#8221;white&#8221; align=&#8221;center&#8221; css=&#8221;.vc_custom_1587137590661{padding-bottom: 35px !important;}&#8221; link=&#8221;url:http%3A%2F%2Fwww.upgp2.it%2Fwordpress%2Fwp-content%2Fuploads%2F2020%2F04%2Findicazioni-per-volontari-30_03_2020-vers-Web.pdf|||&#8221;][/vc_column][vc_column width=&#8221;1/3&#8243; css=&#8221;.vc_custom_1587138416270{background-color: #d89531 !important;border-radius: 10px !important;}&#8221;][vc_custom_heading text=&#8221;Autodichiarazione&#8221; font_container=&#8221;tag:h4|text_align:center|color:%23ffffff&#8221; use_theme_fonts=&#8221;yes&#8221; css=&#8221;.vc_custom_1587137638024{padding-right: 35px !important;padding-left: 35px !important;}&#8221;][vc_btn title=&#8221;Scarica&#8221; style=&#8221;outline&#8221; shape=&#8221;round&#8221; color=&#8221;white&#8221; align=&#8221;center&#8221; css=&#8221;.vc_custom_1587137678523{padding-bottom: 35px !important;}&#8221; link=&#8221;url:http%3A%2F%2Fwww.upgp2.it%2Fwordpress%2Fwp-content%2Fuploads%2F2020%2F04%2FModelloautodichiarazione26.03.2020editabile.pdf|||&#8221;][/vc_column][/vc_row][vc_row gap=&#8221;20&#8243; equal_height=&#8221;yes&#8221;][vc_column width=&#8221;1/3&#8243; css=&#8221;.vc_custom_1587138457596{background-color: #d89531 !important;border-radius: 10px !important;}&#8221;][vc_custom_heading text=&#8221;Decalogo DPI&#8221; font_container=&#8221;tag:h4|text_align:center|color:%23ffffff&#8221; use_theme_fonts=&#8221;yes&#8221; css=&#8221;.vc_custom_1587137734799{padding-right: 35px !important;padding-left: 35px !important;}&#8221;][vc_btn title=&#8221;Scarica&#8221; style=&#8221;outline&#8221; shape=&#8221;round&#8221; color=&#8221;white&#8221; align=&#8221;center&#8221; css=&#8221;.vc_custom_1587137780461{padding-bottom: 35px !important;}&#8221; link=&#8221;url:http%3A%2F%2Fwww.upgp2.it%2Fwordpress%2Fwp-content%2Fuploads%2F2020%2F04%2Fdecalogo.pdf||target:%20_blank|&#8221;][/vc_column][vc_column width=&#8221;1/3&#8243; css=&#8221;.vc_custom_1587138445887{background-color: #d89531 !important;border-radius: 10px !important;}&#8221;][vc_custom_heading text=&#8221;Nota Caritas Diocesana&#8221; font_container=&#8221;tag:h4|text_align:center|color:%23ffffff&#8221; use_theme_fonts=&#8221;yes&#8221; css=&#8221;.vc_custom_1587137833801{padding-right: 35px !important;padding-left: 35px !important;}&#8221;][vc_btn title=&#8221;Scarica&#8221; style=&#8221;outline&#8221; shape=&#8221;round&#8221; color=&#8221;white&#8221; align=&#8221;center&#8221; css=&#8221;.vc_custom_1587137986226{padding-bottom: 35px !important;}&#8221; link=&#8221;url:http%3A%2F%2Fwww.upgp2.it%2Fwordpress%2Fwp-content%2Fuploads%2F2020%2F04%2FNota-organizzativa-per-Caritas-parrocchiali-27-03-2020-1.pdf|||&#8221;][/vc_column][vc_column width=&#8221;1/3&#8243; css=&#8221;.vc_custom_1587138432977{background-color: #d89531 !important;border-radius: 10px !important;}&#8221;][vc_custom_heading text=&#8221;Circolare regionale&#8221; font_container=&#8221;tag:h4|text_align:center|color:%23ffffff&#8221; use_theme_fonts=&#8221;yes&#8221; css=&#8221;.vc_custom_1587138010905{padding-right: 35px !important;padding-left: 35px !important;}&#8221;][vc_btn title=&#8221;Scarica&#8221; style=&#8221;outline&#8221; shape=&#8221;round&#8221; color=&#8221;white&#8221; align=&#8221;center&#8221; css=&#8221;.vc_custom_1587138030840{padding-bottom: 35px !important;}&#8221; link=&#8221;url:http%3A%2F%2Fwww.upgp2.it%2Fwordpress%2Fwp-content%2Fuploads%2F2020%2F04%2FPG-249529-del-25-03-2020-LINEE-GUIDA-ATTIVITA-VOLONTARIATO-EMERGENZA-COVID-19-1.pdf|||&#8221;][/vc_column][/vc_row][vc_row gap=&#8221;20&#8243; equal_height=&#8221;yes&#8221;][vc_column width=&#8221;1/3&#8243; css=&#8221;.vc_custom_1587138468666{background-color: #d89531 !important;border-radius: 10px !important;}&#8221;][vc_custom_heading text=&#8221;Uso mascherine&#8221; font_container=&#8221;tag:h4|text_align:center|color:%23ffffff&#8221; use_theme_fonts=&#8221;yes&#8221; css=&#8221;.vc_custom_1587138069957{padding-right: 35px !important;padding-left: 35px !important;}&#8221;][vc_btn title=&#8221;Scarica&#8221; style=&#8221;outline&#8221; shape=&#8221;round&#8221; color=&#8221;white&#8221; align=&#8221;center&#8221; css=&#8221;.vc_custom_1587138151398{padding-bottom: 35px !important;}&#8221; link=&#8221;url:http%3A%2F%2Fwww.upgp2.it%2Fwordpress%2Fwp-content%2Fuploads%2F2020%2F04%2FMascherine-chirurgiche.pdf||target:%20_blank|&#8221;][/vc_column][vc_column width=&#8221;1/3&#8243; css=&#8221;.vc_custom_1587138480616{background-color: #d89531 !important;border-radius: 10px !important;}&#8221;][vc_custom_heading text=&#8221;Uso guanti&#8221; font_container=&#8221;tag:h4|text_align:center|color:%23ffffff&#8221; use_theme_fonts=&#8221;yes&#8221; css=&#8221;.vc_custom_1587138081045{padding-right: 35px !important;padding-left: 35px !important;}&#8221;][vc_btn title=&#8221;Scarica&#8221; style=&#8221;outline&#8221; shape=&#8221;round&#8221; color=&#8221;white&#8221; align=&#8221;center&#8221; css=&#8221;.vc_custom_1587138130251{padding-bottom: 35px !important;}&#8221; link=&#8221;url:http%3A%2F%2Fwww.upgp2.it%2Fwordpress%2Fwp-content%2Fuploads%2F2020%2F04%2FGuanti-monouso.pdf|||&#8221;][/vc_column][vc_column width=&#8221;1/3&#8243; css=&#8221;.vc_custom_1587138490561{background-color: #d89531 !important;border-radius: 10px !important;}&#8221;][vc_custom_heading text=&#8221;Lavaggio mani&#8221; font_container=&#8221;tag:h4|text_align:center|color:%23ffffff&#8221; use_theme_fonts=&#8221;yes&#8221; css=&#8221;.vc_custom_1587138101852{padding-right: 35px !important;padding-left: 35px !important;}&#8221;][vc_btn title=&#8221;Scarica&#8221; style=&#8221;outline&#8221; shape=&#8221;round&#8221; color=&#8221;white&#8221; align=&#8221;center&#8221; css=&#8221;.vc_custom_1587138113701{padding-bottom: 35px !important;}&#8221; link=&#8221;url:http%3A%2F%2Fwww.upgp2.it%2Fwordpress%2Fwp-content%2Fuploads%2F2020%2F04%2FC_17_opuscoliPoster_340_allegato.pdf|||&#8221;][/vc_column][/vc_row][/vc_section]

<p>[vc_row full_height=&#8221;yes&#8221; parallax=&#8221;content-moving&#8221; css=&#8221;.vc_custom_1587138726450{padding-top: 100px !important;padding-bottom: 100px !important;background: #5e5e5e url(http://www.upgp2.it/wordpress/wp-content/uploads/2020/04/people-shaking-hands-in-latex-gloves-3959482-1-e1587134477538.jpg?id=9662);background-position: center;background-repeat: no-repeat !important;background-size: cover !important;}&#8221;][vc_column][vc_custom_heading text=&#8221;Collabora con noi!&#8221; font_container=&#8221;tag:h1|font_size:60|text_align:center|color:%23ffffff&#8221; use_theme_fonts=&#8221;yes&#8221;][/vc_column][/vc_row][vc_section][vc_row][vc_column width=&#8221;1/6&#8243;][/vc_column][vc_column width=&#8221;2/3&#8243;][vc_text_separator title=&#8221;Istruzioni operative&#8221; color=&#8221;orange&#8221; style=&#8221;dashed&#8221; css=&#8221;.vc_custom_1587138350312{padding-top: 30px !important;}&#8221;][vc_column_text]Carissimi e carissime, come Unità Pastorale, in collaborazione con la Caritas di U.P. e Diocesana, ci stiamo impegnando attivamente per far fronte alle nuove esigenze che ci [&hellip;]</p>
