{"id":8084,"date":"2017-06-22T10:56:07","date_gmt":"2017-06-22T08:56:07","guid":{"rendered":"http:\/\/www.upgp2.it\/wordpress\/?page_id=8084"},"modified":"2017-06-22T20:40:11","modified_gmt":"2017-06-22T18:40:11","slug":"scuola-dellinfanzia-elisa-lari","status":"publish","type":"page","link":"https:\/\/www.upgp2.it\/wordpress\/scuola-dellinfanzia-elisa-lari\/","title":{"rendered":"Scuola dell&#8217;infanzia &#8220;Elisa Lari&#8221;"},"content":{"rendered":"<p style=\"text-align: justify;\"><span style=\"font-family: book antiqua,palatino,serif;\"><span style=\"font-size: 12pt;\"><a href=\"http:\/\/www.upgp2.it\/wordpress\/wp-content\/uploads\/2017\/06\/untitled-1.png\"><img loading=\"lazy\" class=\"alignleft wp-image-8085\" src=\"http:\/\/www.upgp2.it\/wordpress\/wp-content\/uploads\/2017\/06\/untitled-1.png\" alt=\"\" width=\"381\" height=\"256\" \/><\/a><span style=\"font-size: 14pt;\">I bambini che frequentano la nostra scuola si trovano propriamente nella cosiddetta \u201ceta&#8217; dell\u2019oro\u201d perch\u00e8 tutto ci\u00f2 che nell\u2019infanzia si apprende e si sperimenta diventa determinante per il loro futuro. <\/span><\/span><\/span><br \/>\n<span style=\"font-family: 'book antiqua', palatino, serif; font-size: 14pt;\"> I bambini di oggi sono gli uomini e le donne del domani e questo ci spinge a fornire loro tutti gli strumenti necessari perch\u00e8 possano affrontare la vita con fiducia e positivita&#8217;. <\/span><br \/>\n<span style=\"font-family: 'book antiqua', palatino, serif; font-size: 14pt;\"> I bambini apprendono dove stanno bene; cos\u00ec la scuola, come noi la concepiamo, non \u00e8 solo il luogo della trasmissione del sapersi ma un ambiente accogliente &#8211; perch\u00e8 prima di tutto fatto dalle persone che lo \u201cabitano\u201d &#8211; dove il bambino pu\u00f2 fare esperienza di questo \u201cstar bene\u201d perch\u00e8 voluto bene e riconosciuto nella sua preziosa unicita&#8217;. <\/span><\/p>\n<p style=\"text-align: justify;\"><span style=\"font-family: 'book antiqua', palatino, serif; font-size: 14pt;\">Il nostro metodo educativo si basa sulla visione globale del bambino (intesa come mente, anima e corpo) ed \u00e8 finalizzato alla sua crescita integrale ed armonica, nel rispetto della personalita&#8217; di ciascuno. <\/span><br \/>\n<span style=\"font-family: 'book antiqua', palatino, serif; font-size: 14pt;\"> <strong>MENTE<\/strong>: incoraggiamo i diversi apprendimenti , le abilit\u00e0 e le competenze a seconda delle differenti et\u00e0a&#8217; attraverso progetti specifici realizzati in collaborazione con esperti esterni. Inglese, acquaticita&#8217;, musicoterapia, Mozart, teatro, psicomotricita&#8217;, metodo Bortolato, Nati per Leggere, religione &#8211; in preparazione a: festa degli angeli custodi, Avvento, Natale, Quaresima, Pasqua, messa di inizio anno, presentazione di alcune vite di santi.\u00a0<\/span><\/p>\n<p style=\"text-align: justify;\"><span style=\"font-family: 'book antiqua', palatino, serif; font-size: 14pt;\"><strong>CORPO<\/strong>: curiamo la crescia del bambino promuovendo una sana ed equilibrata alimentazione e favoriamo lo sviluppo del corpoe delle abilit\u00e0 motorie con attivita&#8217; all\u2019aria aperta e a contatto con la natura.\u00a0\u00a0<\/span><\/p>\n<p style=\"text-align: justify;\"><span style=\"font-family: book antiqua,palatino,serif; font-size: 12pt;\"><span style=\"font-size: 14pt;\"><strong>ANIMA<\/strong>: guardiamo al bambino come ad un figlio di Dio e desideriamo accompagnarlo nel cammino di conoscenza del Padre sostenendo la sua naturale apertura al divino e al trascendente.<\/span>\u00a0 <\/span><\/p>\n<p style=\"text-align: justify;\">\u00a0<iframe loading=\"lazy\" style=\"border: 0px currentColor;\" src=\"https:\/\/www.google.com\/maps\/embed?pb=!1m18!1m12!1m3!1d2836.2472795203152!2d10.645955815531818!3d44.694150179099466!2m3!1f0!2f0!3f0!3m2!1i1024!2i768!4f13.1!3m3!1m2!1s0x47801dac75a87a0b%3A0xc87be85161ccec8a!2sScuola+Materna+Elisa+Lari!5e0!3m2!1sit!2sit!4v1498122154343\" width=\"600\" height=\"450\" frameborder=\"0\" allowfullscreen=\"allowfullscreen\"><\/iframe><\/p>\n<p><span style=\"font-family: 'book antiqua', palatino, serif; font-size: 12pt;\"> Via Paradisi, 4\/A &#8211; 42122 Reggio Emilia Tel e Fax 0522.550087 | <a href=\"mailto:scuolaelisalari@upgp2.it\">scuolaelisalari@upgp2.it<\/a><\/span><\/p>\n<p><span style=\"font-family: 'book antiqua', palatino, serif; font-size: 14pt;\">La nostra \u00e8 una scuola per la famiglia e della famiglia. Riconoscendo ai genitori il loro insostituibile ruolo di primi educatori, cerchiamo di stabilire con loro una sincera alleanza educativa. La famiglia diventa quindi protagonista dei processi formativi che quotidianamente avvengono nella scuola attraverso un confronto cordiale e costante, la reciproca fiducia, la ricerca comune del maggior bene del bambino.<\/span><\/p>\n<p><span style=\"font-size: 8pt;\"><strong>Estratto dal Piano dell\u2019Offerta Formativa\u00a0<\/strong><\/span><\/p>\n","protected":false},"excerpt":{"rendered":"<p>I bambini che frequentano la nostra scuola si trovano propriamente nella cosiddetta \u201ceta&#8217; dell\u2019oro\u201d perch\u00e8 tutto ci\u00f2 che nell\u2019infanzia si apprende e si sperimenta diventa determinante per il loro futuro. I bambini di oggi sono gli uomini e le donne del domani e questo ci spinge a fornire loro tutti gli strumenti necessari perch\u00e8 possano [&hellip;]<\/p>\n","protected":false},"author":1,"featured_media":0,"parent":0,"menu_order":0,"comment_status":"closed","ping_status":"closed","template":"","meta":[],"_links":{"self":[{"href":"https:\/\/www.upgp2.it\/wordpress\/wp-json\/wp\/v2\/pages\/8084"}],"collection":[{"href":"https:\/\/www.upgp2.it\/wordpress\/wp-json\/wp\/v2\/pages"}],"about":[{"href":"https:\/\/www.upgp2.it\/wordpress\/wp-json\/wp\/v2\/types\/page"}],"author":[{"embeddable":true,"href":"https:\/\/www.upgp2.it\/wordpress\/wp-json\/wp\/v2\/users\/1"}],"replies":[{"embeddable":true,"href":"https:\/\/www.upgp2.it\/wordpress\/wp-json\/wp\/v2\/comments?post=8084"}],"version-history":[{"count":0,"href":"https:\/\/www.upgp2.it\/wordpress\/wp-json\/wp\/v2\/pages\/8084\/revisions"}],"wp:attachment":[{"href":"https:\/\/www.upgp2.it\/wordpress\/wp-json\/wp\/v2\/media?parent=8084"}],"curies":[{"name":"wp","href":"https:\/\/api.w.org\/{rel}","templated":true}]}}

<p style="text-align: justify;"><span style="font-family: book antiqua,palatino,serif;"><span style="font-size: 12pt;"><a href="http://www.upgp2.it/wordpress/wp-content/uploads/2017/06/untitled-1.png"><img loading="lazy" class="alignleft wp-image-8085" src="http://www.upgp2.it/wordpress/wp-content/uploads/2017/06/untitled-1.png" alt="" width="381" height="256" /></a><span style="font-size: 14pt;">I bambini che frequentano la nostra scuola si trovano propriamente nella cosiddetta “eta&#8217; dell’oro” perchè tutto ciò che nell’infanzia si apprende e si sperimenta diventa determinante per il loro futuro. </span></span></span><br />
<span style="font-family: 'book antiqua', palatino, serif; font-size: 14pt;"> I bambini di oggi sono gli uomini e le donne del domani e questo ci spinge a fornire loro tutti gli strumenti necessari perchè possano affrontare la vita con fiducia e positivita&#8217;. </span><br />
<span style="font-family: 'book antiqua', palatino, serif; font-size: 14pt;"> I bambini apprendono dove stanno bene; così la scuola, come noi la concepiamo, non è solo il luogo della trasmissione del sapersi ma un ambiente accogliente &#8211; perchè prima di tutto fatto dalle persone che lo “abitano” &#8211; dove il bambino può fare esperienza di questo “star bene” perchè voluto bene e riconosciuto nella sua preziosa unicita&#8217;. </span></p>
<p style="text-align: justify;"><span style="font-family: 'book antiqua', palatino, serif; font-size: 14pt;">Il nostro metodo educativo si basa sulla visione globale del bambino (intesa come mente, anima e corpo) ed è finalizzato alla sua crescita integrale ed armonica, nel rispetto della personalita&#8217; di ciascuno. </span><br />
<span style="font-family: 'book antiqua', palatino, serif; font-size: 14pt;"> <strong>MENTE</strong>: incoraggiamo i diversi apprendimenti , le abilità e le competenze a seconda delle differenti etàa&#8217; attraverso progetti specifici realizzati in collaborazione con esperti esterni. Inglese, acquaticita&#8217;, musicoterapia, Mozart, teatro, psicomotricita&#8217;, metodo Bortolato, Nati per Leggere, religione &#8211; in preparazione a: festa degli angeli custodi, Avvento, Natale, Quaresima, Pasqua, messa di inizio anno, presentazione di alcune vite di santi. </span></p>
<p style="text-align: justify;"><span style="font-family: 'book antiqua', palatino, serif; font-size: 14pt;"><strong>CORPO</strong>: curiamo la crescia del bambino promuovendo una sana ed equilibrata alimentazione e favoriamo lo sviluppo del corpoe delle abilità motorie con attivita&#8217; all’aria aperta e a contatto con la natura.  </span></p>
<p style="text-align: justify;"><span style="font-family: book antiqua,palatino,serif; font-size: 12pt;"><span style="font-size: 14pt;"><strong>ANIMA</strong>: guardiamo al bambino come ad un figlio di Dio e desideriamo accompagnarlo nel cammino di conoscenza del Padre sostenendo la sua naturale apertura al divino e al trascendente.</span>  </span></p>
<p style="text-align: justify;"> <iframe loading="lazy" style="border: 0px currentColor;" src="https://www.google.com/maps/embed?pb=!1m18!1m12!1m3!1d2836.2472795203152!2d10.645955815531818!3d44.694150179099466!2m3!1f0!2f0!3f0!3m2!1i1024!2i768!4f13.1!3m3!1m2!1s0x47801dac75a87a0b%3A0xc87be85161ccec8a!2sScuola+Materna+Elisa+Lari!5e0!3m2!1sit!2sit!4v1498122154343" width="600" height="450" frameborder="0" allowfullscreen="allowfullscreen"></iframe></p>
<p><span style="font-family: 'book antiqua', palatino, serif; font-size: 12pt;"> Via Paradisi, 4/A &#8211; 42122 Reggio Emilia Tel e Fax 0522.550087 | <a href="mailto:scuolaelisalari@upgp2.it">scuolaelisalari@upgp2.it</a></span></p>
<p><span style="font-family: 'book antiqua', palatino, serif; font-size: 14pt;">La nostra è una scuola per la famiglia e della famiglia. Riconoscendo ai genitori il loro insostituibile ruolo di primi educatori, cerchiamo di stabilire con loro una sincera alleanza educativa. La famiglia diventa quindi protagonista dei processi formativi che quotidianamente avvengono nella scuola attraverso un confronto cordiale e costante, la reciproca fiducia, la ricerca comune del maggior bene del bambino.</span></p>
<p><span style="font-size: 8pt;"><strong>Estratto dal Piano dell’Offerta Formativa </strong></span></p>

<p>I bambini che frequentano la nostra scuola si trovano propriamente nella cosiddetta “eta&#8217; dell’oro” perchè tutto ciò che nell’infanzia si apprende e si sperimenta diventa determinante per il loro futuro. I bambini di oggi sono gli uomini e le donne del domani e questo ci spinge a fornire loro tutti gli strumenti necessari perchè possano [&hellip;]</p>
